[INFO] cloning repository https://github.com/fizyk20/atm-raytracer
[INFO] running `Command { std: "git" "-c" "credential.helper=" "-c" "credential.helper=/workspace/cargo-home/bin/git-credential-null" "clone" "--bare" "https://github.com/fizyk20/atm-raytracer" "/workspace/cache/git-repos/https%3A%2F%2Fgithub.com%2Ffizyk20%2Fatm-raytracer", kill_on_drop: false }`
[INFO] [stderr] Cloning into bare repository '/workspace/cache/git-repos/https%3A%2F%2Fgithub.com%2Ffizyk20%2Fatm-raytracer'...
[INFO] running `Command { std: "git" "rev-parse" "HEAD", kill_on_drop: false }`
[INFO] [stdout] 0d29cb614e98602adce1c2bcd31857aaa1aa80fe
[INFO] checking fizyk20/atm-raytracer against try#72f88fc4e9458f89516a0b8b0868f3718aec5b47 for pr-74989
[INFO] running `Command { std: "git" "clone" "/workspace/cache/git-repos/https%3A%2F%2Fgithub.com%2Ffizyk20%2Fatm-raytracer" "/workspace/builds/worker-6/source", kill_on_drop: false }`
[INFO] [stderr] Cloning into '/workspace/builds/worker-6/source'...
[INFO] [stderr] done.
[INFO] validating manifest of git repo https://github.com/fizyk20/atm-raytracer on toolchain 72f88fc4e9458f89516a0b8b0868f3718aec5b47
[INFO] running `Command { std: "/workspace/cargo-home/bin/cargo" "+72f88fc4e9458f89516a0b8b0868f3718aec5b47" "read-manifest" "--manifest-path" "Cargo.toml", kill_on_drop: false }`
[INFO] started tweaking git repo https://github.com/fizyk20/atm-raytracer
[INFO] finished tweaking git repo https://github.com/fizyk20/atm-raytracer
[INFO] tweaked toml for git repo https://github.com/fizyk20/atm-raytracer written to /workspace/builds/worker-6/source/Cargo.toml
[INFO] running `Command { std: "/workspace/cargo-home/bin/cargo" "+72f88fc4e9458f89516a0b8b0868f3718aec5b47" "generate-lockfile" "--manifest-path" "Cargo.toml" "-Zno-index-update", kill_on_drop: false }`
[INFO] running `Command { std: "/workspace/cargo-home/bin/cargo" "+72f88fc4e9458f89516a0b8b0868f3718aec5b47" "fetch" "--locked" "--manifest-path" "Cargo.toml", kill_on_drop: false }`
[INFO] [stderr]  Downloading crates ...
[INFO] [stderr]   Downloaded imageproc v0.19.2
[INFO] [stderr]   Downloaded dted v0.1.0
[INFO] running `Command { std: "docker" "create" "-v" "/var/lib/crater-agent-workspace/builds/worker-6/target:/opt/rustwide/target:rw,Z" "-v" "/var/lib/crater-agent-workspace/builds/worker-6/source:/opt/rustwide/workdir:ro,Z" "-v" "/var/lib/crater-agent-workspace/cargo-home:/opt/rustwide/cargo-home:ro,Z" "-v" "/var/lib/crater-agent-workspace/rustup-home:/opt/rustwide/rustup-home:ro,Z" "-e" "SOURCE_DIR=/opt/rustwide/workdir" "-e" "CARGO_TARGET_DIR=/opt/rustwide/target" "-e" "CARGO_HOME=/opt/rustwide/cargo-home" "-e" "RUSTUP_HOME=/opt/rustwide/rustup-home" "-w" "/opt/rustwide/workdir" "-m" "1610612736" "--user" "0:0" "--network" "none" "rustops/crates-build-env@sha256:d92eaeed33fa75130ca1ee6c8a01d1ffb62bac859dfdfb3450e3e5d1c0146529" "/opt/rustwide/cargo-home/bin/cargo" "+72f88fc4e9458f89516a0b8b0868f3718aec5b47" "metadata" "--no-deps" "--format-version=1", kill_on_drop: false }`
[INFO] [stderr] WARNING: Your kernel does not support swap limit capabilities or the cgroup is not mounted. Memory limited without swap.
[INFO] [stdout] 8090b71027352c4d2f39fff30368050b393c925c87173f8e74511121896306d6
[INFO] running `Command { std: "docker" "start" "-a" "8090b71027352c4d2f39fff30368050b393c925c87173f8e74511121896306d6", kill_on_drop: false }`
[INFO] running `Command { std: "docker" "inspect" "8090b71027352c4d2f39fff30368050b393c925c87173f8e74511121896306d6", kill_on_drop: false }`
[INFO] running `Command { std: "docker" "rm" "-f" "8090b71027352c4d2f39fff30368050b393c925c87173f8e74511121896306d6", kill_on_drop: false }`
[INFO] [stdout] 8090b71027352c4d2f39fff30368050b393c925c87173f8e74511121896306d6
[INFO] running `Command { std: "docker" "create" "-v" "/var/lib/crater-agent-workspace/builds/worker-6/target:/opt/rustwide/target:rw,Z" "-v" "/var/lib/crater-agent-workspace/builds/worker-6/source:/opt/rustwide/workdir:ro,Z" "-v" "/var/lib/crater-agent-workspace/cargo-home:/opt/rustwide/cargo-home:ro,Z" "-v" "/var/lib/crater-agent-workspace/rustup-home:/opt/rustwide/rustup-home:ro,Z" "-e" "SOURCE_DIR=/opt/rustwide/workdir" "-e" "CARGO_TARGET_DIR=/opt/rustwide/target" "-e" "CARGO_INCREMENTAL=0" "-e" "RUST_BACKTRACE=full" "-e" "RUSTFLAGS=--cap-lints=forbid" "-e" "CARGO_HOME=/opt/rustwide/cargo-home" "-e" "RUSTUP_HOME=/opt/rustwide/rustup-home" "-w" "/opt/rustwide/workdir" "-m" "1610612736" "--user" "0:0" "--network" "none" "rustops/crates-build-env@sha256:d92eaeed33fa75130ca1ee6c8a01d1ffb62bac859dfdfb3450e3e5d1c0146529" "/opt/rustwide/cargo-home/bin/cargo" "+72f88fc4e9458f89516a0b8b0868f3718aec5b47" "check" "--frozen" "--all" "--all-targets" "--message-format=json", kill_on_drop: false }`
[INFO] [stdout] 245e92a790d24341cb54013688c7340ef39088238c4db1578fc69bbab5426f19
[INFO] [stderr] WARNING: Your kernel does not support swap limit capabilities or the cgroup is not mounted. Memory limited without swap.
[INFO] running `Command { std: "docker" "start" "-a" "245e92a790d24341cb54013688c7340ef39088238c4db1578fc69bbab5426f19", kill_on_drop: false }`
[INFO] [stderr]    Compiling autocfg v1.0.1
[INFO] [stderr]    Compiling libc v0.2.77
[INFO] [stderr]    Compiling proc-macro2 v1.0.21
[INFO] [stderr]     Checking rand_core v0.4.2
[INFO] [stderr]    Compiling autocfg v0.1.7
[INFO] [stderr]    Compiling maybe-uninit v2.0.0
[INFO] [stderr]    Compiling proc-macro2 v0.4.30
[INFO] [stderr]    Compiling syn v1.0.40
[INFO] [stderr]     Checking scopeguard v1.1.0
[INFO] [stderr]    Compiling unicode-xid v0.1.0
[INFO] [stderr]     Checking adler32 v1.2.0
[INFO] [stderr]    Compiling crc32fast v1.2.0
[INFO] [stderr]    Compiling serde v1.0.116
[INFO] [stderr]    Compiling num-derive v0.2.5
[INFO] [stderr]     Checking adler v0.2.3
[INFO] [stderr]    Compiling failure_derive v0.1.8
[INFO] [stderr]     Checking lzw v0.10.0
[INFO] [stderr]    Compiling matrixmultiply v0.1.15
[INFO] [stderr]     Checking gimli v0.22.0
[INFO] [stderr]     Checking object v0.20.0
[INFO] [stderr]     Checking rustc-demangle v0.1.16
[INFO] [stderr]    Compiling serde_derive v1.0.116
[INFO] [stderr]     Checking color_quant v1.0.1
[INFO] [stderr]     Checking custom_derive v0.1.7
[INFO] [stderr]     Checking ab_glyph_rasterizer v0.1.3
[INFO] [stderr]     Checking rle-decode-fast v1.0.1
[INFO] [stderr]     Checking take_mut v0.2.2
[INFO] [stderr]     Checking itertools v0.7.11
[INFO] [stderr]     Checking inflate v0.4.5
[INFO] [stderr]     Checking rand_core v0.3.1
[INFO] [stderr]     Checking rand_jitter v0.1.4
[INFO] [stderr]     Checking owned_ttf_parser v0.6.0
[INFO] [stderr]     Checking conv v0.3.3
[INFO] [stderr]     Checking gif v0.10.3
[INFO] [stderr]     Checking rand_isaac v0.1.1
[INFO] [stderr]     Checking rand_hc v0.1.0
[INFO] [stderr]     Checking rand_xorshift v0.1.1
[INFO] [stderr]     Checking stb_truetype v0.3.1
[INFO] [stderr]     Checking deflate v0.7.20
[INFO] [stderr]     Checking rusttype v0.9.2
[INFO] [stderr]    Compiling rand_pcg v0.1.2
[INFO] [stderr]    Compiling rand_chacha v0.1.1
[INFO] [stderr]    Compiling rand v0.6.5
[INFO] [stderr]    Compiling num-traits v0.2.12
[INFO] [stderr]    Compiling crossbeam-utils v0.7.2
[INFO] [stderr]    Compiling num-integer v0.1.43
[INFO] [stderr]    Compiling memoffset v0.5.5
[INFO] [stderr]    Compiling crossbeam-epoch v0.8.2
[INFO] [stderr]    Compiling num-iter v0.1.41
[INFO] [stderr]    Compiling num-bigint v0.2.6
[INFO] [stderr]    Compiling rayon v1.4.0
[INFO] [stderr]    Compiling num-rational v0.2.4
[INFO] [stderr]    Compiling miniz_oxide v0.4.2
[INFO] [stderr]    Compiling num-complex v0.2.4
[INFO] [stderr]     Checking libflate v0.1.27
[INFO] [stderr]     Checking nom v4.2.3
[INFO] [stderr]    Compiling quote v1.0.7
[INFO] [stderr]     Checking png v0.15.3
[INFO] [stderr]     Checking num_cpus v1.13.0
[INFO] [stderr]     Checking rand_os v0.1.3
[INFO] [stderr]     Checking atty v0.2.14
[INFO] [stderr]    Compiling quote v0.6.13
[INFO] [stderr]     Checking clap v2.33.3
[INFO] [stderr]    Compiling syn v0.15.44
[INFO] [stderr]     Checking crossbeam-channel v0.4.4
[INFO] [stderr]     Checking crossbeam-deque v0.7.3
[INFO] [stderr]     Checking addr2line v0.13.0
[INFO] [stderr]     Checking rayon-core v1.8.0
[INFO] [stderr]     Checking approx v0.3.2
[INFO] [stderr]     Checking ordered-float v1.1.0
[INFO] [stderr]     Checking rusttype v0.8.3
[INFO] [stderr]     Checking num v0.1.42
[INFO] [stderr]     Checking rulinalg v0.4.2
[INFO] [stderr]     Checking rusttype v0.7.9
[INFO] [stderr]     Checking backtrace v0.3.50
[INFO] [stderr]    Compiling synstructure v0.12.4
[INFO] [stderr]     Checking num v0.2.1
[INFO] [stderr]     Checking serde_yaml v0.8.13
[INFO] [stderr]     Checking bincode v1.3.1
[INFO] [stderr]     Checking jpeg-decoder v0.1.20
[INFO] [stderr]     Checking failure v0.1.8
[INFO] [stderr]     Checking dted v0.1.0
[INFO] [stderr]     Checking tiff v0.3.1
[INFO] [stderr]     Checking image v0.22.5
[INFO] [stderr]     Checking atm-refraction v0.3.1
[INFO] [stderr]     Checking imageproc v0.19.2
[INFO] [stderr]     Checking atm-raytracer v0.4.0 (/opt/rustwide/workdir)
[INFO] [stdout] error[E0432]: unresolved import `rusttype::FontCollection`
[INFO] [stdout]   --> src/main.rs:15:16
[INFO] [stdout]    |
[INFO] [stdout] 15 | use rusttype::{FontCollection, Scale};
[INFO] [stdout]    |                ^^^^^^^^^^^^^^ no `FontCollection` in the root
[INFO] [stdout] 
[INFO] [stdout] 
[INFO] [stdout] error[E0432]: unresolved import `rusttype::FontCollection`
[INFO] [stdout]   --> src/main.rs:15:16
[INFO] [stdout]    |
[INFO] [stdout] 15 | use rusttype::{FontCollection, Scale};
[INFO] [stdout]    |                ^^^^^^^^^^^^^^ no `FontCollection` in the root
[INFO] [stdout] 
[INFO] [stdout] 
[INFO] [stdout] error[E0308]: mismatched types
[INFO] [stdout]    --> src/main.rs:176:17
[INFO] [stdout]     |
[INFO] [stdout] 176 |                 scale,
[INFO] [stdout]     |                 ^^^^^ expected struct `rusttype::Scale`, found struct `Scale`
[INFO] [stdout]     |
[INFO] [stdout]     = note: perhaps two different versions of crate `rusttype` are being used?
[INFO] [stdout] 
[INFO] [stdout] 
[INFO] [stdout] error[E0308]: mismatched types
[INFO] [stdout]    --> src/main.rs:176:17
[INFO] [stdout]     |
[INFO] [stdout] 176 |                 scale,
[INFO] [stdout]     |                 ^^^^^ expected struct `rusttype::Scale`, found struct `Scale`
[INFO] [stdout]     |
[INFO] [stdout]     = note: perhaps two different versions of crate `rusttype` are being used?
[INFO] [stdout] 
[INFO] [stdout] 
[INFO] [stdout] error: aborting due to 2 previous errors
[INFO] [stdout] 
[INFO] [stdout] 
[INFO] [stdout] Some errors have detailed explanations: E0308, E0432.
[INFO] [stdout] 
[INFO] [stdout] For more information about an error, try `rustc --explain E0308`.
[INFO] [stdout] 
[INFO] [stderr] error: could not compile `atm-raytracer`.
[INFO] [stderr] 
[INFO] [stderr] To learn more, run the command again with --verbose.
[INFO] [stderr] warning: build failed, waiting for other jobs to finish...
[INFO] [stdout] error: aborting due to 2 previous errors
[INFO] [stdout] 
[INFO] [stdout] 
[INFO] [stdout] Some errors have detailed explanations: E0308, E0432.
[INFO] [stdout] 
[INFO] [stdout] For more information about an error, try `rustc --explain E0308`.
[INFO] [stdout] 
[INFO] [stderr] error: build failed
[INFO] running `Command { std: "docker" "inspect" "245e92a790d24341cb54013688c7340ef39088238c4db1578fc69bbab5426f19", kill_on_drop: false }`
[INFO] running `Command { std: "docker" "rm" "-f" "245e92a790d24341cb54013688c7340ef39088238c4db1578fc69bbab5426f19", kill_on_drop: false }`
[INFO] [stdout] 245e92a790d24341cb54013688c7340ef39088238c4db1578fc69bbab5426f19
